 16a8b5 + 6?
16a8bb
In base 2, what is -11100100011101100011 + -11010?
-11100100011101111101
In base 4, what is -13022 + 11030131?
11011103
In base 5, what is 444122 - -140201?
1134323
In base 8, what is 1673 - 34227?
-32334
In base 16, what is -71e - -6fa3?
6885
In base 13, what is 4c1 + -73a93?
-735a2
In base 4, what is -1012 + 23111021?
23110003
In base 12, what is -19935b + 211?
-19914a
In base 2, what is 100001101 - -110010100010001110?
110010100110011011
In base 11, what is 2562307 + 0?
2562307
In base 14, what is -269 - c361?
-c5ca
In base 13, what is -581 + -144533?
-144ab4
In base 10, what is -1 - 22513456?
-22513457
In base 12, what is 7 + -3b412?
-3b407
In base 8, what is 2 - 13535044?
-13535042
In base 15, what is -16dd4 - -717?
-166bc
In base 4, what is -132232312100 + -11?
-132232312111
In base 11, what is -16 - -2831177?
2831161
In base 2, what is -100100101 + 1000010010101110000?
1000010010001001011
In base 5, what is 1221 + -334033302?
-334032031
In base 9, what is -1 - -1703377?
1703376
In base 9, what is -1368 - -2202863?
2201484
In base 13, what is -9385a3 - -43?
-938560
In base 13, what is 72c138 + -11?
72c127
In base 9, what is -6 - -18884858?
18884852
In base 5, what is -2 + -1231042440?
-1231042442
In base 16, what is a - 81476?
-8146c
In base 8, what is -14 + -4101070?
-4101104
In base 16, what is -97dcbc - -8?
-97dcb4
In base 11, what is 14766 - -62?
14818
In base 16, what is -22 + e6fe?
e6dc
In base 4, what is 31232301 + 122?
31233023
In base 4, what is -11203122 - -3322203?
-1220313
In base 6, what is 1544330 + -23?
1544303
In base 12, what is -15a102b8 - 1?
-15a102b9
In base 9, what is 0 + 377164626?
377164626
In base 6, what is 0 + 124534243?
124534243
In base 12, what is -7517 - 2b0?
-7807
In base 5, what is -12114 - 121313?
-133432
In base 10, what is -1434 + -171188?
-172622
In base 14, what is -1b1847cd - -3?
-1b1847ca
In base 10, what is 3442058 - 9?
3442049
In base 5, what is 1443042 - -2010?
2000102
In base 8, what is -1002 + -30533?
-31535
In base 5, what is -4422034244 - -10?
-4422034234
In base 14, what is 9 + -147a9b?
-147a92
In base 11, what is 98126 + -4436?
937a0
In base 14, what is 8da9c5 - -12?
8da9d7
In base 7, what is -1423334 + 1?
-1423333
In base 3, what is 10 + -21001221121220?
-21001221121210
In base 16, what is 6 + -4d1f169?
-4d1f163
In base 10, what is 409 + -1093459?
-1093050
In base 11, what is 4 + 120095a9?
12009602
In base 6, what is -111043431204 - 0?
-111043431204
In base 9, what is 6451352 + -74?
6451267
In base 15, what is 6b39823 + -1?
6b39822
In base 11, what is 2a - 207673?
-207644
In base 10, what is 1 + -12420149?
-12420148
In base 14, what is 7ab214 - 2b?
7ab1c7
In base 3, what is 10102 - -20112112020?
20112122122
In base 4, what is 11320013301031 + 1?
11320013301032
In base 10, what is 0 + 78202389?
78202389
In base 9, what is 2185163 - -7?
2185171
In base 16, what is -d7 + b5b52?
b5a7b
In base 11, what is 3 + -3523624?
-3523621
In base 3, what is 1111011 - -22212201010?
22221012021
In base 7, what is 1 + -50462104?
-50462103
In base 8, what is 2607565 + 535?
2610322
In base 12, what is 5 + -b7ba221?
-b7ba218
In base 13, what is 4858345 - 3?
4858342
In base 10, what is 292 + 446374?
446666
In base 10, what is -31275001 - 16?
-31275017
In base 4, what is 1300211000 + 301?
1300211301
In base 11, what is 8a12 + 69?
8a80
In base 9, what is -4165 - -7245?
3070
In base 2, what is -101001000010101100010 + 10100000?
-101001000010011000010
In base 2, what is 1011101100100110 + 1110100?
1011101110011010
In base 9, what is -1725 - -17125?
15300
In base 7, what is 124324 + -45210?
46114
In base 7, what is -5122660 + -5?
-5122665
In base 15, what is 3 - -7dc503?
7dc506
In base 3, what is -12 - -20211021001201?
20211021001112
In base 13, what is 549922a + -2?
5499228
In base 9, what is 821 - -1548415?
1550336
In base 13, what is 267 - 45b46?
-458ac
In base 4, what is 1 - 21030213000110?
-21030213000103
In base 9, what is -71 + 73654?
73573
In base 3, what is 111022 + 1021000020101?
1021000201200
In base 7, what is 11 - 3636424451?
-3636424440
In base 16, what is e - 21233?
-21225
In base 8, what is 2 + -1033751410?
-1033751406
In base 9, what is -4754581 - -4?
-4754576
In base 10, what is 22549120 - 23?
22549097
In base 9, what is 1551 + 1703?
3354
In base 15, what is -5 + -6743e2?
-6743e7
In base 6, what is -4 + -105122254?
-105122302
In base 4, what is 122320320131 - 113?
122320320012
In base 4, what is -3 + 13122211211103?
13122211211100
In base 12, what is 5 - 2088467?
-2088462
In base 14, what is 1a363 + 24a?
1a5ad
In base 8, what is -356 + -31334?
-31712
In base 4, what is 212230121031 - 12?
212230121013
In base 3, what is -10000 + 122100012100?
122100002100
In base 2, what is -111010000100100011 - 111011?
-111010000101011110
In base 11, what is 5a71 - -17a?
6140
In base 11, what is -1 - 6354a1?
-6354a2
In base 8, what is 2 - 36065006?
-36065004
In base 16, what is 22e5c - -4c?
22ea8
In base 9, what is 2265 + 3203?
5468
In base 11, what is 11551 + 33600?
45051
In base 8, what is 76303155 + 4?
76303161
In base 2, what is -1000011100110 - 100000010101?
-1100011111011
In base 7, what is 2 + -3546244?
-3546242
In base 15, what is -203895 + -5?
-20389a
In base 3, what is 2021210 + 101212210?
111011120
In base 11, what is -1a910a51 + 4?
-1a910a48
In base 6, what is 101 - 154013233?
-154013132
In base 8, what is -2061273 + 434?
-2060637
In base 8, what is 272164 + 613?
272777
In base 15, what is ea3 + -18c1?
-91d
In base 10, what is -25484 + 105?
-25379
In base 15, what is -1325 + -183?
-14a8
In base 3, what is 1100012220120221 - -11?
1100012220121002
In base 7, what is 1041646555 - 0?
1041646555
In base 2, what is -101 + -110100111100001011100?
-110100111100001100001
In base 5, what is 123 - -2004443?
2010121
In base 14, what is 55b62 - 1a5?
5599b
In base 6, what is -2445033441 - -4?
-2445033433
In base 12, what is -2a8 + -11453?
-1173b
In base 10, what is 20592 + 16348?
36940
In base 7, what is 10141166 + 20?
10141216
In base 16, what is 5 - -7d5e14?
7d5e19
In base 14, what is -333b26 + 9?
-333b1b
In base 5, what is -412 + 1133243?
1132331
In base 7, what is 23643430 + -63?
23643334
In base 16, what is -38e0 + -a8?
-3988
In base 9, what is -18613772 + 1?
-18613771
In base 2, what is 100111001100100110101001 + -100111?
100111001100100110000010
In base 10, what is -380804 - 744?
-381548
In base 16, what is -fbd8bf2 - 3?
-fbd8bf5
In base 6, what is 13234 - 10544?
2250
In base 4, what is 11 - -2230211000022?
2230211000033
In base 8, what is -45405660 - 20?
-45405700
In base 8, what is 251 - 506112?
-505641
In base 14, what is 626 - 5457?
-4c31
In base 14, what is 9c988 + -3?
9c985
In base 12, what is -5975 - 51235?
-56baa
In base 3, what is -221120222 - 110212200?
-1102110122
In base 13, what is -11674 + -178?
-1181c
In base 4, what is 1013220 + 311110320?
312130200
In base 14, what is -1088 - 237?
-12c1
In base 4, what is 1 + 302002031230?
302002031231
In base 12, what is 3011 + -12657?
-b646
In base 12, what is -1 - 4748b2?
-4748b3
In base 8, what is 1 - -16717525?
16717526
In base 2, what is -1100101011 - 110101011111111001?
-110101101100100100
In base 11, what is -1 - 24880719?
-2488071a
In base 8, what is 6 - 62445445?
-62445437
In base 12, what is a + 393608a?
3936098
In base 14, what is 19a103b - 7?
19a1034
In base 7, what is -45 - -13316005?
13315630
In base 16, what is 15b + -6393?
-6238
In base 12, what is -6 - 1550654?
-155065a
In base 14, what is -19 + -491b1?
-491ca
In base 6, what is -140540 - -1150?
-135350
In base 8, what is 4710 + -5410?
-500
In base 16, what is 1e0c521 - -2?
1e0c523
In base 14, what is 10dbc1a - 3?
10dbc17
In base 6, what is -212302 + -12042?
-224344
In base 8, what is -44 - 144522?
-144566
In base 11, what is 3a796 - 166?
3a630
In base 14, what is 30d000 + 8d?
30d08d
In base 3, what is 210010121121020 + 10?
210010121121100
In base 14, what is 26 + 26335c?
263384
In base 14, what is d9 - 60324?
-60229
In base 10, what is -765 + 10820?
10055
In base 5, what is -4 + 124140022443?
124140022434
In base 8, what is 5 + 177541053?
177541060
In base 8, what is -6 + 16300147?
16300141
In base 9, what is 105 - -8728815?
8730021
In base 2, what is -100011111010010